ds digit of 16239?
6
What is the thousands digit of 7731?
7
What is the tens digit of 5280?
8
What is the hundreds digit of 733?
7
What is the thousands digit of 37203?
7
What is the hundreds digit of 21417?
4
What is the thousands digit of 70384?
0
What is the hundreds digit of 1383?
3
What is the tens digit of 13049?
4
What is the tens digit of 1469?
6
What is the ten thousands digit of 31729?
3
What is the units digit of 1729?
9
What is the hundreds digit of 4788?
7
What is the hundreds digit of 3588?
5
What is the thousands digit of 14105?
4
What is the hundreds digit of 12951?
9
What is the tens digit of 3553?
5
What is the hundreds digit of 2871?
8
What is the hundreds digit of 756?
7
What is the hundreds digit of 1466?
4
What is the tens digit of 115?
1
What is the thousands digit of 1621?
1
What is the units digit of 956?
6
What is the tens digit of 641?
4
What is the tens digit of 711?
1
What is the units digit of 1117?
7
What is the hundreds digit of 5195?
1
What is the thousands digit of 13553?
3
What is the hundreds digit of 7603?
6
What is the units digit of 663?
3
What is the hundreds digit of 53253?
2
What is the thousands digit of 20511?
0
What is the thousands digit of 15798?
5
What is the tens digit of 31985?
8
What is the hundreds digit of 1112?
1
What is the units digit of 330?
0
What is the thousands digit of 7398?
7
What is the tens digit of 1816?
1
What is the hundreds digit of 13788?
7
What is the units digit of 724?
4
What is the hundreds digit of 800?
8
What is the units digit of 23256?
6
What is the units digit of 1735?
5
What is the units digit of 134?
4
What is the units digit of 3201?
1
What is the thousands digit of 8127?
8
What is the hundreds digit of 72005?
0
What is the hundreds digit of 2314?
3
What is the thousands digit of 1661?
1
What is the units digit of 58?
8
What is the tens digit of 16833?
3
What is the units digit of 4886?
6
What is the units digit of 87476?
6
What is the hundreds digit of 1200?
2
What is the hundreds digit of 2857?
8
What is the units digit of 770?
0
What is the ten thousands digit of 49191?
4
What is the hundreds digit of 1520?
5
What is the thousands digit of 41638?
1
What is the hundreds digit of 96720?
7
What is the hundreds digit of 37956?
9
What is the tens digit of 641?
4
What is the thousands digit of 154704?
4
What is the units digit of 846?
6
What is the units digit of 7439?
9
What is the units digit of 94?
4
What is the hundreds digit of 1214?
2
What is the hundreds digit of 4417?
4
What is the units digit of 24107?
7
What is the tens digit of 15860?
6
What is the tens digit of 8890?
9
What is the hundreds digit of 394?
3
What is the ten thousands digit of 63589?
6
What is the units digit of 74030?
0
What is the units digit of 2609?
9
What is the hundreds digit of 1265?
2
What is the thousands digit of 2940?
2
What is the tens digit of 1793?
9
What is the tens digit of 36991?
9
What is the hundreds digit of 21661?
6
What is the tens digit of 148088?
8
What is the tens digit of 1533?
3
What is the units digit of 169?
9
What is the hundreds digit of 3531?
5
What is the units digit of 13790?
0
What is the units digit of 1969?
9
What is the units digit of 868?
8
What is the ten thousands digit of 101551?
0
What is the units digit of 1444?
4
What is the thousands digit of 5505?
5
What is the units digit of 61371?
1
What is the tens digit of 15795?
9
What is the units digit of 31155?
5
What is the hundreds digit of 3996?
9
What is the tens digit of 558?
5
What is the tens digit of 632?
3
What is the units digit of 9759?
9
What is the units digit of 673?
3
What is the tens digit of 689?
8
What is the tens digit of 10121?
2
What is the units digit of 39345?
5
What is the tens digit of 31850?
5
What is the ten thousands digit of 10998?
1
What is the tens digit of 10003?
0
What is the thousands digit of 3589?
3
What is the thousands digit of 24031?
4
What is the ten thousands digit of 25935?
2
What is the units digit of 378?
8
What is the hundreds digit of 13382?
3
What is the units digit of 64168?
8
What is the hundreds digit of 47133?
1
What is the units digit of 23536?
6
What is the ten thousands digit of 72754?
7
What is the thousands digit of 6304?
6
What is the thousands digit of 2414?
2
What is the units digit of 4998?
8
What is the units digit of 18714?
4
What is the hundreds digit of 592?
5
What is the units digit of 14948?
8
What is the thousands digit of 5187?
5
What is the tens digit of 13818?
1
What is the tens digit of 74781?
8
What is the units digit of 39890?
0
What is the units digit of 17713?
3
What is the hundreds digit of 20030?
0
What is the units digit of 379?
9
What is the tens digit of 8746?
4
What is the ten thousands digit of 118480?
1
What is the units digit of 5168?
8
What is the thousands digit of 1586?
1
What is the thousands digit of 40347?
0
What is the tens digit of 5489?
8
What is the hundreds digit of 12357?
3
What is the hundred thousands digit of 167182?
1
What is the hundreds digit of 3015?
0
What is the hundreds digit of 878?
8
What is the ten thousands digit of 68951?
6
What is the units digit of 29341?
1
What is the tens digit of 23070?
7
What is the tens digit of 2947?
4
What is the thousands digit of 5756?
5
What is the units digit of 55?
5
What is the hundreds digit of 49342?
3
What is the ten thousands digit of 11544?
1
What is the hundreds digit of 133812?
8
What is the thousands digit of 68814?
8
What is the thousands digit of 15169?
5
What is the units digit of 22937?
7
What is the thousands digit of 37076?
7
What is the hundreds digit of 6357?
3
What is the units digit of 61585?
5
What is the thousands digit of 112772?
2
What is the ten thousands digit of 10280?
1
What is the hundreds digit of 875?
8
What is the tens digit of 10?
1
What is the hundreds digit of 1326?
3
What is the hundreds digit of 2338?
3
What is the hundreds digit of 340?
3
What is the tens digit of 17595?
9
What is the hundreds digit of 12446?
4
What is the tens digit of 382?
8
What is the tens digit of 8606?
0
What is the thousands digit of 4412?
4
What is the hundreds digit of 2578?
5
What is the units digit of 34?
4
What is the tens digit of 20585?
8
What is the units digit of 11728?
8
What is the thousands digit of 28620?
8
What is the ten thousands digit of 19318?
1
What is the thousands digit of 95299?
5
What is the hundreds digit of 3820?
8
What is the tens digit of 22516?
1
What is the tens digit of 812?
1
What is the tens digit of 2855?
5
What is the tens digit of 108897?
9
What is the ten thousands digit of 14293?
1
What is the tens digit of 1018?
1
What is the ten thousands digit of 18809?
1
What is the units digit of 49369?
9
What is the units digit of 1854?
4
What is the units digit of 40497?
7
What is the tens digit of 50081?
8
What is the hundreds digit of 2582?
5
What is the units digit of 3924?
4
What is the tens digit of 14192?
9
What is the hundreds digit of 3316?
3
What is the tens digit of 145?
4
What is the thousands digit of 84967?
4
What is the thousands digit of 1146?
1
What is the tens digit of 8719?
1
What is the thousands digit of 1712?
1
What is the ten thousands digit of 21166?
2
What is the units digit of 2810?
0
What is the units digit of 46301?
1
What is the hundreds digit of 22747?
7
What is the ten thousands digit of 61029?
6
What is the thousands digit of 33787?
3
What is the units digit of 21694?
4
What is the tens digit of 1813?
1
What is the tens digit of 108265?
6
What is the thousands digit of 2548?
2
What is the units digit of 139?
9
What is the thousands digit of 4619?
4
What is the tens digit of 5263?
6
What is the thousands digit of 1770?
1
What is the ten thousands digit of 43739?
4
What is the tens digit of 9080?
8
What is the thousands digit of 114681?
4
What is the tens digit of 7668?
6
What is the tens digit of 310?
1
What is the units digit of 9361?
1
What is the tens digit of 863?
6
What is the units digit of 860?
0
What is the tens digit of 581?
8
What is the hundreds digit of 59536?
5
What is the units digit of 732?
2
What is the ten thousands digit of 20762?
2
What is the thousands digit of 1682?
1
What is the ten thousands digit of 15527?
1
What is the thousands digit of 24216?
4
What is the thousands d